divisor of 5369073 and 492?
123
What is the highest common divisor of 125807 and 3751?
11
Calculate the greatest common factor of 754677 and 132979.
847
Calculate the greatest common factor of 82250 and 3910400.
2350
Calculate the highest common factor of 968075 and 700.
25
What is the greatest common divisor of 6482 and 3443794?
926
Calculate the greatest common divisor of 875625 and 121887.
1401
What is the highest common divisor of 393763 and 98804?
1453
Calculate the greatest common divisor of 274 and 5535074.
274
Calculate the highest common divisor of 102 and 1485834.
102
What is the greatest common divisor of 12058540 and 1520?
380
Calculate the greatest common divisor of 344167408 and 624.
208
Calculate the greatest common divisor of 56 and 705416.
8
What is the greatest common factor of 702 and 1220258?
26
Calculate the highest common factor of 157296206 and 7276.
3638
Calculate the greatest common factor of 3987302 and 418.
418
What is the greatest common factor of 2430 and 502245?
45
Calculate the highest common divisor of 2130 and 1006567.
71
Calculate the highest common factor of 3782 and 26643632.
62
Calculate the greatest common divisor of 674181 and 1629.
9
What is the highest common divisor of 176 and 96161648?
176
Calculate the greatest common divisor of 243861 and 6.
3
Calculate the highest common factor of 3291364 and 5668.
436
What is the highest common divisor of 7348 and 33843385?
167
What is the highest common factor of 113367 and 711419?
1643
What is the highest common divisor of 1848 and 162643096?
616
Calculate the greatest common divisor of 144966456 and 1728.
216
Calculate the greatest common divisor of 77 and 6253863.
77
Calculate the highest common factor of 53120 and 1165.
5
What is the greatest common factor of 1402405762 and 2?
2
What is the greatest common factor of 330 and 870599895?
165
Calculate the greatest common factor of 269015 and 8110.
5
Calculate the greatest common factor of 339654 and 1290.
6
What is the greatest common divisor of 269539 and 173?
1
Calculate the highest common divisor of 3662 and 184931.
1831
What is the highest common divisor of 156152 and 98638?
298
Calculate the highest common factor of 458 and 30080066.
458
What is the greatest common factor of 68 and 1515057?
17
What is the greatest common divisor of 5941825 and 3275?
25
What is the highest common factor of 1605 and 220365?
15
What is the greatest common divisor of 5222972400 and 600?
600
Calculate the greatest common divisor of 74 and 15488607.
37
What is the greatest common factor of 1723972 and 63984?
124
Calculate the highest common factor of 7797438 and 4774.
22
What is the highest common factor of 244040864 and 6051?
2017
What is the highest common divisor of 206 and 80243077?
103
Calculate the highest common factor of 6376801 and 159.
53
Calculate the greatest common factor of 1670 and 259940510.
1670
What is the highest common factor of 7964020 and 1760?
20
Calculate the highest common factor of 3920 and 131268256.
784
Calculate the highest common divisor of 858147 and 249.
3
What is the greatest common divisor of 127995 and 32655?
105
Calculate the highest common factor of 17277 and 8467407.
39
What is the highest common factor of 28678 and 9542?
26
Calculate the highest common divisor of 54774 and 1903486.
358
What is the greatest common factor of 80 and 877080?
40
Calculate the highest common factor of 9740 and 80280976.
1948
What is the greatest common factor of 1312 and 36243016?
328
What is the highest common divisor of 83650664 and 120?
8
What is the greatest common divisor of 3975 and 3728974?
53
Calculate the highest common divisor of 1 and 3684287.
1
What is the greatest common factor of 1515 and 370819278?
303
What is the greatest common factor of 55 and 4564499?
1
Calculate the greatest common divisor of 4995744 and 286.
26
Calculate the highest common divisor of 162 and 42194358.
162
Calculate the greatest common divisor of 49676088 and 8624.
616
Calculate the greatest common factor of 2776 and 2039319.
347
What is the highest common factor of 51336 and 514188?
828
Calculate the greatest common factor of 120427274 and 11.
11
Calculate the greatest common divisor of 697903 and 351137.
1457
What is the highest common divisor of 7081 and 5951471?
73
What is the greatest common factor of 529960046 and 133?
133
Calculate the highest common divisor of 4169 and 25069.
11
What is the greatest common divisor of 868 and 173064?
4
What is the greatest common divisor of 1900135479 and 16098?
8049
Calculate the greatest common divisor of 490 and 4093670.
70
What is the highest common factor of 16224 and 747552?
1248
What is the greatest common divisor of 19159913 and 478?
239
What is the greatest common factor of 42 and 238049?
7
What is the greatest common factor of 36531 and 9669?
33
Calculate the highest common factor of 1388812 and 9752.
212
Calculate the highest common divisor of 1046018 and 2494.
86
Calculate the greatest common divisor of 234640 and 246365.
35
Calculate the highest common divisor of 15651 and 2347227.
423
Calculate the greatest common divisor of 3272259 and 237.
237
Calculate the greatest common factor of 29187696 and 168.
24
Calculate the greatest common divisor of 2960 and 1952560.
80
What is the highest common divisor of 1000864180 and 3580?
3580
Calculate the highest common divisor of 2190 and 34176.
6
What is the highest common divisor of 980966 and 53382?
574
Calculate the highest common divisor of 217725578 and 2.
2
Calculate the highest common divisor of 7408 and 73578108.
1852
Calculate the highest common divisor of 124 and 1729253842.
62
Calculate the greatest common divisor of 6300 and 28517475.
525
Calculate the highest common divisor of 351 and 1889849.
13
Calculate the greatest common factor of 3191292 and 5031.
117
What is the highest common factor of 209556611 and 506?
253
Calculate the highest common factor of 6229366 and 575.
23
What is the greatest common factor of 123915 and 78639?
33
What is the greatest common divisor of 80560 and 44783?
19
Calculate the highest common divisor of 142 and 726320.
2
What is the highest common factor of 255385 and 3965?
65
Calculate the greatest common factor of 4829 and 9586882.
439
Calculate the highest common divisor of 253735 and 220.
5
Calculate the highest common divisor of 20003858 and 22826.
202
Calculate the greatest common factor of 60 and 1334635140.
60
Calculate the highest common factor of 64802049 and 117.
39
Calculate the highest common factor of 1365015 and 6541260.
13515
What is the greatest common divisor of 5100 and 177890550?
2550
Calculate the highest common factor of 34364 and 2420.
484
Calculate the greatest common factor of 4158 and 39186126.
378
Calculate the highest common divisor of 23715 and 2983500.
765
What is the highest common factor of 24893520 and 1104?
48
What is the highest common divisor of 40448802 and 678?
678
Calculate the highest common divisor of 2659 and 18729996.
2659
What is the greatest common divisor of 1950 and 4817800?
650
Calculate the greatest common divisor of 2864184 and 1090467.
2733
What is the greatest common divisor of 259440 and 8688?
48
What is the highest common factor of 1494704 and 1808?
16
Calculate the greatest common factor of 8846509 and 1323.
49
What is the highest common factor of 81 and 9606699?
9
What is the highest common factor of 32 and 2394768?
16
What is the greatest common factor of 1468919 and 5?
1
Calculate the highest common factor of 980 and 82705.
35
What is the greatest common factor of 385407 and 40075?
229
Calculate the highest common factor of 65 and 224965988.
13
Calculate the highest common factor of 144681 and 14591162.
1663
What is the highest common divisor of 599692478 and 23?
23
What is the highest common factor of 25947 and 15724719?
837
Calculate the greatest common factor of 528 and 2149104.
48
What is the greatest common factor of 171875 and 21725?
275
What is the greatest common factor of 245561776 and 236?
236
What is the greatest common divisor of 66611079 and 11421?
3807
Calculate the greatest common factor of 90360 and 405.
45
What is the highest common divisor of 270391 and 6589?
11
What is the highest common divisor of 103227 and 6099?
